
7
Let i be 507 + 0 + -7 + 7. Let u be 144/120*5/3. Suppose -t - 5*y + i = 2*t, 2*y - 342 = -u*t. What is the tens digit of t?
7
Let d(o) = 15*o**2 + 49*o + 652. What is the hundreds digit of d(-12)?
2
Let y(l) be the second derivative of l**4/6 + 35*l**3/6 + 5*l**2/2 + 85*l. What is the tens digit of y(11)?
3
Suppose -1698 = 10*d - 16988. What is the hundreds digit of d?
5
Let q be (-15)/2*874/(-69). What is the hundreds digit of 228/q*800/6?
3
Let l(n) = -2*n**2 - 11*n + 6948. Let g be l(0). Suppose 6*f = 42*f - g. What is the hundreds digit of f?
1
Suppose 3*m + 2*q - 3 = 0, q + 7 + 5 = 3*m. Let w(p) = 63*p**2 - 6*p - 18. What is the tens digit of w(m)?
3
Let j = -11 - -31. Let p = 23 - j. Suppose -5*m - 4*z + 2*z = -295, 0 = 3*m - p*z - 198. What is the units digit of m?
1
Suppose -5*x + 5*b = -10, 2*x + 3*b + 8 = -3. What is the tens digit of (712/(-24))/(x/3)?
8
Suppose 2055 = 11*o - 1091. Let s = -109 + o. What is the hundreds digit of s?
1
Let z = 171 - 101. Let q(a) = -23*a + 140. Let w be q(6). Suppose z = x - j, -w*x + j = -7*x + 350. What is the tens digit of x?
7
Let p(x) = -3*x - 62. Let s be p(-22). Suppose -2*k - 2 = 0, 359 = a + 4*a - s*k. What is the units digit of a?
1
Suppose -2 = -q + 1, 4*q - 1412 = -2*f. Let w = f + -344. What is the tens digit of w?
5
Suppose 0 = -4*m - 455 + 2463. Let v = 216 - -223. Suppose 4*f + 3*q - 125 - m = 0, 4*q + v = 3*f. What is the tens digit of f?
5
Let g = 6451 - 1494. What is the hundreds digit of g?
9
Let j = -148 + 133. Let b = j + 76. What is the units digit of b?
1
Let p(k) = -3*k**3 - 11*k**2 - 200*k + 31. What is the tens digit of p(-23)?
1
Let i(f) be the first derivative of 3*f**2/2 - 24*f + 1. Let a = 494 - 480. What is the units digit of i(a)?
8
Let w(d) be the first derivative of d**3/3 - 9*d**2/2 - 13*d + 34. What is the hundreds digit of w(-10)?
1
Let g(k) = -k**3 + 9*k + 7. Let i be g(3). Suppose -8020 = -5*t + 2*o, -t = i*o - 6*o - 1611. What is the thousands digit of t?
1
Suppose 5106444 = 458*x + 178*x. What is the hundreds digit of x?
0
Let k(f) = 21062*f - 1295. What is the hundreds digit of k(3)?
8
Let b = 2435 - -36908. What is the thousands digit of b?
9
Let n be ((-52)/8 + 8)/((-3)/(-8)). Suppose 5*l - 1072 = -4*t, n*l - 388 = -t - 120. What is the tens digit of t?
6
Let j(i) = 16*i - i**2 - i + 24*i - 26 + 8. What is the hundreds digit of j(21)?
3
Let s = 20781 + -5918. What is the ten thousands digit of s?
1
Suppose 1319 - 15479 = -5*x. Let a be (x/(-30))/((-6)/15). Suppose 0*t = 4*i + t - a, 0 = -i + 4*t + 42. What is the tens digit of i?
5
Let f(m) = -m**2 + 15*m - 26. Let b be f(13). Let u be 3/9*(9 - b) + 145. Suppose 5*k - 833 + u = 0. What is the tens digit of k?
3
What is the tens digit of (192/(-144) + (0 - (-44)/6))*5942?
5
Let w(k) be the third derivative of -k**6/120 - k**5/3 - k**4 - 109*k**3/6 + 37*k**2 + 2. What is the tens digit of w(-21)?
3
Suppose f + 3*h = 33, -3*f - h + 59 = -32. Suppose -3*i + f + 341 = 2*b, 4*i - 5*b = 510. What is the units digit of i?
5
Let p(n) = n**3 + n**2 + 2*n + 25. Let q be p(0). Suppose -8*g + 13*g = q. Suppose -28 = -4*y + g*l, 6*y = y - 4*l + 35. What is the units digit of y?
7
Let q(y) = -46*y + 52. Let x = 115 + -118. What is the tens digit of q(x)?
9
Let q(o) = -86*o + 1244. What is the units digit of q(-57)?
6
Let m = 45 + -42. Suppose 5*l - 21 = 2*x - 5*x, 3*l - 15 = -m*x. Suppose -x*t + 102 = -224. What is the tens digit of t?
6
Let v(i) = -5*i**3 - 26*i**2 - 2*i - 33. What is the hundreds digit of v(-18)?
7
Suppose 23*s + 27 = 165. What is the units digit of ((-616)/(-15) + s/(-9))*15?
6
Let w(j) = 695*j**2 - 77*j - 228. What is the thousands digit of w(-3)?
6
Suppose -25357 - 161705 = -16*x + 65210. What is the ten thousands digit of x?
1
Let h(a) = 41*a**2 - 2 + 35*a**2 - 73*a**2 + 2*a**3. Let u be h(-2). Let x = u + 43. What is the units digit of x?
7
Let p = 86 + -112. Let c(l) = 2*l**2 + 17*l + 24. What is the hundreds digit of c(p)?
9
Let m be (-4)/(-30) + 365/75. Suppose h = 2*t + 58, -5*h + 197 + 138 = m*t. Let a = -18 + h. What is the tens digit of a?
4
Let l = -267 + 596. Suppose 3*b - 2*b = l. What is the hundreds digit of b?
3
Suppose 164*y - 52018 = 5717830. What is the thousands digit of y?
5
Let q be (1/(7/246))/(1 - (-42)/(-49)). Suppose 0 = -3*o + 289 - 754. Let r = q + o. What is the tens digit of r?
9
Let h(f) = f + 66. Let y(b) = b**2 + b + 1. Let x(z) = h(z) - 2*y(z). Let c be x(0). Suppose -c*o + 58*o + 384 = 0. What is the units digit of o?
4
Let b(q) be the first derivative of -q**4/4 - 2*q**3 + q**2 - 8*q - 983. Suppose 3*c = -5*o - 31, 0 = 2*o - c + 3*c + 10. What is the units digit of b(o)?
4
Suppose -4*s = -0*s + 2*w - 24, -3*w + 28 = 4*s. Let i be s/(-10)*(-9 - -19) - -8. Suppose h - 5*o - 14 = 0, o = 2*h + 3*o - i. What is the units digit of h?
4
Let g(c) = 2*c + 4. Let i = -1 + 3. Let h be g(i). What is the units digit of 31*2*h/16?
1
Let t be ((-17470)/(-10) - -3) + -3*1. Let w = -1011 + t. What is the tens digit of w?
3
Suppose 0 = -311*o + 306*o + 35880. What is the tens digit of o?
7
What is the thousands digit of (3 - 4) + -13334*2/(-4)?
6
Let d be (-45)/54 + 10/12. Suppose d = -3*x + 14*x - 2794. What is the hundreds digit of x?
2
Suppose -3*s - 5*a + 2605 = 0, -2*s - 3484 = -6*s - 4*a. Let j = -435 + s. What is the hundreds digit of j?
4
Let y(n) be the third derivative of -n**6/120 + n**5/60 + 5*n**4/12 + n**3 + 15*n**2. Let u be y(-3). Let q = 44 + u. What is the units digit of q?
6
Let f(m) = -2*m**2 - 20*m + 1. Let o be f(-6). Suppose o*y - 1331 = 38*y. What is the hundreds digit of y?
1
Suppose 0 = 167*t - 149*t - 36. Suppose 0 = -6*l + t*l + 4896. What is the thousands digit of l?
1
What is the tens digit of 15520/14 - (-284)/(-497)?
0
Let t(f) = -f**3 + 9*f**2 + 20. Let q(u) = u. Let x(o) = 2*q(o) + t(o). Let v be x(9). Suppose -109 = -7*l + v. What is the tens digit of l?
2
Suppose -11*d + 16*q = 17*q - 86998, 39542 = 5*d + 3*q. What is the tens digit of d?
0
Suppose -26*r + 18 = -60. Suppose -j + c - r*c = -1182, -3*j = -4*c - 3536. What is the hundreds digit of j?
1
Suppose -7*i + 7 = -8*i + 5*w, 0 = 2*i + 4*w - 56. Suppose -z + i*z - 3315 = 0. What is the units digit of z?
5
Suppose -2*g = -g - 2. Let b be (-7 - (-6)/2)/(g/5). Let z(h) = -5*h - 6. What is the tens digit of z(b)?
4
Let q be (-1)/3*(-12 - -3). Suppose -q*r + 22*r = 1064. Let n = r - -46. What is the units digit of n?
2
Let i(c) = -c**2 - 4*c + 2. Let s be i(-4). Suppose -3*r - s*o + 40 = 0, 5*r + 0*o + 2*o - 64 = 0. Let v(w) = -w**2 + 17*w + 15. What is the tens digit of v(r)?
7
Let q be (1/(-2) - 0)*0. Suppose 0 = 2*v - 3*w - 15, -4*v + 0*w + 26 = -2*w. Suppose -v*y + y + 20 = q. What is the units digit of y?
4
Let i(r) = r**3 - 34*r**2 - 52*r + 115. What is the hundreds digit of i(36)?
8
Suppose -3 = w - 13. Let l be w/35 - 5396/(-28). Suppose 0 = 3*f - m - 589, f - l = -0*m + 2*m. What is the hundreds digit of f?
1
Let u be 1 + (-8)/6 + (-220)/(-66). Suppose -u*q + q + 4 = 0. Suppose -2*i + 754 = 2*i - q*h, 5*h + 569 = 3*i. What is the units digit of i?
8
Suppose 0 = 23*z - 5*z + 90. Let a(f) = -4*f**3 - f**2 - 20*f - 1. What is the units digit of a(z)?
4
Let z(i) = -462*i + 9399. What is the units digit of z(13)?
3
Suppose 0 = -89*x + 310*x - 3080298. What is the units digit of x?
8
Suppose 0 = -45*b - 181519 + 575912 + 150827. What is the units digit of b?
6
Suppose 4*l - 1895 + 56643 = 2*k, -k + 27380 = -4*l. What is the hundreds digit of k?
3
Let j(c) = -11*c - 3. Let k be j(-1). Suppose w = -f - k + 7, -2*f - 4*w = 12. Suppose -18 = -f*m - 2*y, m - 9 = -2*m + 3*y. What is the units digit of m?
4
Suppose -g - 5632 = -23*g. Suppose 2009 = 263*f - g*f. What is the tens digit of f?
8
Let r = -11208 - -19886. What is the thousands digit of r?
8
Let y(d) = 22*d**2 + 4*d + 44. Suppose 5*w - 14 = -2*m, -2*m - m + 21 = 2*w. What is the thousands digit of y(m)?
1
Suppose 5*o - 7950 = -5*i, 2*i + 4770 = 3*o - 3*i. Let d(q) = q**3 + 14*q**2 - 2*q - 19. Let t be d(-14). Suppose -t*b = b - o. What is the tens digit of b?
5
Suppose -2*b + 30 - 10 = 0. What is the units digit of 1/(b/15)*(-340)/(-6)?
5
Let u(l) = 6642*l**3 - 173*l**2 + 175*l. What is the hundreds digit of u(1)?
6
Suppose -5*p + 4*o 